 + (-1450 - -1343)?
-71
What is (1 + 28 - (-96 + (29 - -85))) + 136?
147
What is the value of -55 + 43 + (-67 - -30)?
-49
8 + (-2 - 4) + 67 - (184 + -169)
54
What is -28 - ((84 - -1) + -88)?
-25
Calculate (-31 + 10 - (14 - 112)) + 10.
87
Calculate (65 - -1) + 4 + -151.
-81
Calculate 9 + (32 - -5) + -42 - (-1 - 33).
38
Evaluate (252 - 91) + -75 + 14.
100
What is the value of 62 - (-58 - -38 - -32)?
50
95 - (46 + 6) - 91
-48
What is the value of (-15 - (-10 + 6)) + 74 + (10 + -1 - -2)?
74
Calculate 1 - 1 - (54 - 7) - (-50 - -70 - 17).
-50
What is the value of 83 - 11 - 101 - (2 + -83)?
52
83 + 5 - (-184 - -220)
52
What is -88 + -1 - (1195 - 1199)?
-85
4 + -10 + (-26 - (-16 - 24))
8
Evaluate (-5 - (3 + 0) - (-50 + 5 + 31)) + 52.
58
13 - (0 - -28 - (-434 + 432)) - -84
67
What is -2 + 1 - (1611 - 1650)?
38
What is -94 + 57 + (34 - -9) - ((-1 - 40) + -1)?
48
What is (-68 - 1) + (65 + -69 - ((-18 - -1) + 4))?
-60
What is the value of -25 + 19 + -24 - (3 - -10 - (4 - -3))?
-36
-161 - -4 - (-1426 + 1202)
67
Calculate 19 + (90 - (72 - 1)).
38
-2 + 10 + -14 + (-9 - -70) + 4
59
(-1 - 4) + -28 + 83 + 9
59
What is (-41 + (-2 - -18) - 2) + -69?
-96
Evaluate -9 - ((7 + -10 - 65) + 10) - (2 - -8).
39
What is (-2 + (20 - -2) - 4) + 30 + 1?
47
Evaluate -5 + -1 - (14 + -13) - (15 + 8 + 24).
-54
Calculate 15 + 6 + -15 - (34 + 9 - 1).
-36
What is -16 + (-14 - 3) + 39 - 40?
-34
Evaluate -1680 + 1682 + (0 - -1 - 41) + 12.
-26
26 + 23 - ((11 - 1) + 2)
37
-9 - (-11 + (5 - (20 - 5)))
12
What is the value of -48 + 26 + 63 - (8 + 13)?
20
What is -10 - -22 - -19 - (30 - -31)?
-30
Evaluate 62 - (-3 - -4) - ((12 - -117) + -135).
67
0 + 5 + (-4 - (-3 + 61)) - (4 - 2)
-59
What is -12 + 0 + 10 + 0 - (9 - -27)?
-38
What is (17 - 36) + 13 + -7 - -18?
5
What is the value of -9 - (10 - (-18 + 4 + -17) - 11)?
-39
Calculate (101 - (103 + -52)) + -18.
32
(36 - 25) + -31 + -2
-22
Calculate -29 + -78 + 21 - -46.
-40
Calculate (7 + 0 - -11) + (13 - -3 - 10).
24
Calculate 35 + (-2 + -19 - (1062 - 1106)).
58
What is 13193 + -13196 + (-24 - -1)?
-26
((-28 - -11) + 17 + 2 - -19) + -5
16
Calculate -78 + -3 - (164 + -277).
32
Evaluate (75 - 57) + (-13 - (-37 - -19)).
23
What is 11 - ((20 - -14) + -2) - -47?
26
Evaluate -14 + (41 - 39 - (10 - -16)).
-38
-12 + 13 + 2 + 24 + -19 + -8
0
What is the value of (-3 - -2 - 0 - 61) + (-26 - (59 - 90))?
-57
Calculate (3 - (-4 + 5) - -2) + (-22 + 36 - 45).
-27
47 + -8 - (28 - 2) - 55
-42
Calculate -48 + (-63 - -95) + 87 + 0 + -2.
69
Calculate -20 + (33 - (-6 - -10)) - 23.
-14
Calculate 1 + 1 - (4 + 2 - (-50 + 102)).
48
Evaluate (80 - 89) + 59 + (-5 - -1).
46
Calculate (-4 + 6 - (-41 - -1)) + (7 - (132 + -132)).
49
16 + 5 + (-64 - -43) + 0 + 2 + -7
-5
Calculate (195 + -205 - (-14 - 0)) + (-13 - -6) - 0.
-3
What is (-127 + 121 - (-2 - (0 + 1))) + (111 - 82)?
26
48 + 0 - (-1940 - -1960)
28
What is the value of (73 - ((47 + -24 - 4) + -12)) + 1 + 12?
79
2 + -21 + (-6 - ((-59 - -29) + 36))
-31
Calculate (-17 - -30) + (77 - 109) + (-10 - -1).
-28
What is 17 + (2 - ((-57 - -23) + 10))?
43
What is -47 - (32 + (-18 - -17) + -18)?
-60
What is (-2 - -29) + 4 + 18 + -32 + -123?
-106
19 - -15 - (6 - (-17 - 5))
6
49 + -4 + 31 + -41
35
What is 8 + -3 - ((2 - -3 - -19) + 54)?
-73
-9 + (99 + -156 - -23)
-43
What is the value of -82 - -11 - 56 - -79?
-48
Calculate -175 - (86 - 249) - (2 - 1 - 43).
30
What is -47 - (2 + (-26 - 0) + (218 - 209))?
-32
Evaluate 1 - (85 + 10 + -81).
-13
Evaluate 186 - 194 - (5 + -12 + 32).
-33
-3 + (-9 - (2 + -30)) + -60
-44
16 + (1 - 17) + (-19 - -21) + 32
34
(19 - 9) + (-7 - -1) + (-34 - 0)
-30
What is the value of -30 + (24 - ((-33 - -29) + 7 + 14))?
-23
Calculate 17 + (-2 - 87) + 53.
-19
What is (-38 - -26) + 11 - -28 - 31?
-4
Evaluate (-8 - (-5 + -11 + 7)) + 25 + -10.
16
Evaluate (2 + 2 - (-67 - -90) - 13) + (3 - -1).
-28
Calculate -87 + (-56 - -113) + 26.
-4
What is -32 + (29 - -12) + -8 + -8 + 0?
-7
-3 + 17 - (-316 - -337) - (70 + -4 + 4)
-77
Calculate (-10 - -2 - 0 - 4 - -55) + (-1 - 8).
34
What is the value of -19 - 4 - -6 - -20?
3
Calculate (35 - -6 - (-75 + 75)) + 2.
43
What is the value of (-4 - (8 + -26)) + -22 - -16?
8
Evaluate -60 - (-10 - -1 - 1 - (-469 + 472)).
-47
Calculate 5 - ((-3 - -4) + 52).
-48
What is the value of -18 + 66 + -29 - (-24 + -1)?
44
Evaluate -11 + (-6 - (11 + -28)) + -7 - 53.
-60
Evaluate -18 + 3 + -4 + (-3 - 14).
-36
What is (26 - 23 - -17) + (-9 - -2 - -9 - 11)?
11
What is the value of 7 + 0 - ((2 - -4) + 3 + 12 + -14)?
0
Evaluate -87 + -10 + (12 + -2 - (-16 - -7)) - -4.
-74
Calculate -7 - 1 - (2994 + -3073).
71
Calculate 23 + (-2 - (0 - 2)) + (518 - 595).
-54
36 - 13 - 89 - -57
-9
What is the value of -75 + 2 - (1 + -5) - (-956 - -968)?
-81
Evaluate 0 + 27 - (3363 + -3411).
75
What is -288 + 170 + 75 + (6 - (3 - 1))?
-39
-1 + (-6 - 3) + 28 + 9 + -31
-4
2 - (28 + -39 + 5 - 48)
56
What is the value of -16 - 29 - (2 - 43)?
-4
What is the value of -99 - (-20 + 26 + -11 + -10 - -5)?
-89
(30 + 0 - (-53 + 22 - -30)) + -8
23
Evaluate (-1 - -2) + (-2 - (2 - 1)) + 1312 + -1171.
139
Evaluate -5 - (-40 - (39 - 92) - (-1 - -13) - 85).
79
Evaluate (-8 - (-7 + (4 - 4))) + -11 + 42 + 1.
31
What is the value of 13 + -3 + (0 - -3 - (9 - (-46 + -2)))?
-44
47 + -13 + -17 + -52 + (4 - 7)
-38
Evaluate -22 + 3 - (5 + 17 + -11).
-30
Calculate 98 + (80 - 184) + -1 + 4.
-3
Evaluate 213 + -146 - (35 + 7).
25
What is the value of 12 + -38 + 17 - -15 - -38?
44
-1591 + 1592 + (3 + 1 - -8)
13
Evaluate 16 + 1 + -7 + (45 - (4 - (-3 - -11))).
59
Evaluate (3 - (-2 + 6)) + -165 + 28 + 141.
3
Evaluate 60 + (8 - 55) - 17.
-4
What is 43 + (-43 - -47) + -37?
10
What is the value of 48 - (-18 + 79 + -25)?
12
-2 + -1 + -91 - (-73 + 70 - -12)
-103
Calculate -3 + 96 + (-6 + -12 - 12).
63
What is -22 + (68 - 36 - 51) + 2 + 14?
-25
Calculate -5 - (-5 + 5 - (-7 + 8 + 57) - -1).
52
What is the value of -82 + 74 + -6 - (2 - 21)?
5
Calculate 6 + (-12 - -9) + (-14 - -5) - -6.
0
Calculate -6 + -5 + 6 + 103 + -76.
22
What is the value of 39 + -11 + -89 + -29 + -20?
-110
What is -47 + (38 - (-47 - -31))?
7
What is the value of -5 - ((38 - 5 - -12) + -42)?
-8
What is the value of 63 + -48 - (14 + -14 + (2 - 1))?
14
What is the value of 55 - (72 + -180 + 99)?
64
37 + -32 + 24 + 23 + -3
49
What is the value of (-29 - (45 - 26)) + 5?
-43
What is 38 + (30 - -34 - 56)?
46
What is the value of (-2 - (2 + (-8 - -10) + -9)) + (4 - 50)?
-43
Calculate 7 + 12 + -40 - (-10 - (-2 - -2)).
-11
Evaluate 0 + 5 - (-20 - (-65 + 41) - -14).
-13
Calculate 2 - 16 - (30 + (22 - (21 + 38))).
-7
-1 - 18 - (161 - 147) - 29
-62
What is 99 + (23 - 30 - 81)?
11
Calculate -48 + 25 + -49 + 8.
-64
What is the value of 20 - -6 - (15 + -1) - (-1 - 0 - 48)?
61
What is 57 + -109 - (-3 + 8)?
-57
What is -89 + (-44 - -47) + 79?
-7
What is -5 - (86 + -86 - (-1 - (2 + -5) - -1))?
-2
119 + (15 - 11 - (-14 + 22 - (-6 - 1)))
108
Evaluate (62 + -75 - -1) + (53 - -4).
45
What is (-17 + 8 + 0 - (-89 + 71)) + 70?
79
What is the value of 34 - (23 - (35 - (-5 + 3)))?
48
What is the value of 63 + -15 - (0 - 1) - (-251 - -258)?
42
Calculate 69 + -38 + 35 + -11.
55
What is the value of ((13 - 1 - (51 + -41)) + 0 - -1) + -40?
-37
What is 34 + -6 - (38 + 7) - (-23 - 2)?
8
What is the value of (-18 - 3 - (242 + -257)) + 4 + -13?
-15
-37 + 24 - (-14 + -13)
14
What is 1 + -3 - -11 - (-139 + 195)?
-47
(2 + 2 - 0) + 32 + -105 + 80 - 86
-75
Evaluate (-16 - -1) + 28 + 1 + -11 - (32 - 0).
-29
Calculate 17 - (-8 + 59 - 15).
-19
Evaluate -1 - (-38 - -1) - (8897 + -8874).
13
What is the value of 13 + -47 + 6 + -31?
-59
Calculate -4 - (-28 + (-10 + 23 + -2 - 9) + 3).
19
What is 483 + -501 - (15 + 4)?
-37
58 + (21 - (34 + -15)) + -4
56
What is (6 - (-6 - -12)) + 468 + -462?
6
What is 3 + 45 + 4 + -13 + -4 + 4 + 6?
45
Evaluate 5 - (1 + 0 + 57 - ((13 - -75) + -83)).
-48
Calculate 59 + -19 - 42 - (6 + -1).
-7
What is (3 - -1 - (-22 + -17)) + (59 - 69)?
33
Evaluate 74 + -110 + 30 + 53.
47
What is the value of (1 - -22) + (3542 - 3628)?
-63
Evaluate (-11 - (-24 + 0)) + -1 - 18 - -88.
82
Calculate -38 - -1 - (8600 + -8605).
-32
Evaluate (-28 - (44 + -64)) + 47.
39
What is 1 - -6 - (-994 + 996)?
5
81 - (-55 + (71 - 11) - (16 - 2)) - 0
90
34 - (-15 + (21 - -31 - 16))
13
What is the value of -4 - -11 - (-4 - -1 - -2 - -32)?
-24
